*z - 38. Give c(-1).
-4
Let s(i) = -11*i**3 + 4*i**2 - 2*i - 24. Determine s(-3).
315
Let k(m) = -m**3 + 29*m**2 + 34*m + 6. What is k(30)?
126
Let w(i) = i**3 + 18*i**2 - 6*i - 32. Give w(-18).
76
Let a(v) = -v**2 - 30*v + 213. Determine a(9).
-138
Let y(k) = -3*k**2 + 8*k + 442. Give y(0).
442
Let d(c) = -16*c**2 + 3*c + 1634. What is d(-10)?
4
Let t(i) = -498*i - 193. Give t(0).
-193
Let c(v) = v**2 + 22*v - 101. What is c(4)?
3
Let q(w) = 51*w - 1967. Calculate q(39).
22
Let p(z) = -5*z**2 + 282*z - 1831. Give p(7).
-102
Let n(q) = q + 29. What is n(-37)?
-8
Let a(y) = -20*y - 351. Give a(-20).
49
Let l(d) = -d**3 + 58*d**2 - 3*d + 136. Calculate l(58).
-38
Let j(a) = 91*a + 5357. What is j(-58)?
79
Let n(u) = -60*u + 35. Determine n(3).
-145
Let z(b) = 3*b**2 - 8*b + 12. What is z(9)?
183
Let u(a) = 163*a**2 + 17*a - 16. What is u(1)?
164
Let h(y) = -y**2 + 24*y + 6. Determine h(23).
29
Let n(o) = -1869*o + 11. Determine n(0).
11
Let s(v) = -3*v**3 - 15*v**2 + 29*v - 6. What is s(-6)?
-72
Let p(q) = 204*q**2 - 138*q - 271. Give p(-2).
821
Let d(k) = -116*k - 146. Give d(5).
-726
Let q(d) = d**3 + 34*d**2 - 603*d + 377. Determine q(-47).
1
Let x(c) = c**3 - 14*c**2 + c - 232. Calculate x(15).
8
Let z(h) = 149*h - 5. Give z(1).
144
Let k(y) = -y**3 + 72*y**2 + 461*y + 473. Calculate k(78).
-73
Let w(q) = 31*q - 33. Determine w(13).
370
Let w(u) = 157*u - 161. Calculate w(1).
-4
Let j(n) = 885*n - 7086. Determine j(8).
-6
Let y(t) = t**3 - 5*t**2 - 3*t + 14. Determine y(6).
32
Let m(g) = 3*g**3 + 29*g**2 + 8*g + 5. Calculate m(-9).
95
Let x(r) = -2*r - 358. Calculate x(21).
-400
Let y(s) = s**3 + 2*s**2 - 80*s - 229. Determine y(-3).
2
Let w(a) = a**3 + 58*a**2 + 54*a - 169. Give w(-57).
2
Let q(v) = 2*v**2 - 111*v - 926. Calculate q(63).
19
Let g(f) = f**2 - 69*f + 692. Give g(57).
8
Let s(w) = 23*w + 803. What is s(-34)?
21
Let q(u) = u**2 - 13*u - 1930. Give q(-38).
8
Let s(n) = -2*n**3 - 7*n**2 + 29*n + 61. Calculate s(-2).
-9
Let v(h) = h**3 + 26*h**2 - 63*h - 62. What is v(-28)?
134
Let c(t) = 15*t**3 + 4*t**2 + 11*t + 22. What is c(-2)?
-104
Let r(f) = 74*f + 659. Give r(-9).
-7
Let t(d) = -211*d**2 + 44*d - 91. Give t(2).
-847
Let t(b) = b**2 - 24*b + 46. Give t(22).
2
Let s(z) = -3*z**2 - 50*z + 219. What is s(5)?
-106
Let o(a) = 2*a**2 - 27*a + 121. Determine o(12).
85
Let n(y) = 707*y + 2173. Calculate n(-3).
52
Let j(q) = -q**2 - 4491*q + 26986. Calculate j(6).
4
Let o(u) = -735*u - 8802. Give o(-12).
18
Let a(f) = -13*f + 81. Determine a(8).
-23
Let k(t) = -3*t + 136. What is k(13)?
97
Let q(i) = 6*i**3 - 3*i**2 - 35*i - 107. Determine q(-3).
-191
Let u(t) = -207*t + 7. What is u(1)?
-200
Let l(t) = 34*t - 3365. Determine l(99).
1
Let p(w) = -w**3 + 152*w**2 - 5292*w + 6. Determine p(54).
6
Let h(b) = 318*b - 5083. What is h(16)?
5
Let t(h) = -4*h**2 + 729*h - 3006. Calculate t(178).
20
Let z(j) = -2*j**2 + 183*j + 763. Give z(-4).
-1
Let z(m) = -45*m**2 - 308*m + 13. Determine z(-7).
-36
Let t(y) = 4*y**3 - 73*y**2 - 33*y - 458. What is t(19)?
-2
Let b(t) = -3*t**3 - 6*t**2 + 516*t + 1517. Determine b(-3).
-4
Let r(g) = -2*g**2 - 12*g - 27. What is r(2)?
-59
Let f(u) = -u**3 + 39*u**2 + 160*u + 51. Determine f(43).
-465
Let g(x) = -453*x - 3166. Determine g(-7).
5
Let g(z) = -z**2 - 730*z - 7914. What is g(-11)?
-5
Let v(j) = j**3 + 4*j**2 - 22*j - 3. Calculate v(-7).
4
Let f(h) = 4*h**3 - 4*h**2 + 4*h + 31. Give f(-3).
-125
Let y(v) = 12*v**2 - 1345*v + 117. What is y(112)?
5
Let d(i) = i**3 - 39*i**2 + 217*i + 474. What is d(9)?
-3
Let g(y) = 38*y + 1729. Calculate g(-46).
-19
Let v(r) = -19*r + 315. Determine v(21).
-84
Let b(m) = -6*m**2 + 56*m + 396. Calculate b(14).
4
Let l(r) = -16*r**2 - 7*r + 3. Determine l(-1).
-6
Let z(a) = 3*a**2 - 21*a + 15. Calculate z(8).
39
Let d(x) = -998*x + 19987. Determine d(20).
27
Let i(q) = -274*q - 6024. What is i(-22)?
4
Let q(d) = 350*d - 5955. Calculate q(17).
-5
Let u(j) = 18*j - 353. Calculate u(26).
115
Let k(z) = 84*z - 366. Calculate k(4).
-30
Let m(x) = 3*x**3 - 118*x**2 - 5*x + 1770. Give m(39).
54
Let d(g) = -g**2 - 2455*g + 59497. What is d(24)?
1
Let k(d) = -d**3 - 18*d**2 + 105*d - 9. Determine k(5).
-59
Let u(s) = -s**2 - 12*s - 65. What is u(-7)?
-30
Let x(b) = -59*b + 83. Determine x(-1).
142
Let o(u) = -348*u + 2947. What is o(9)?
-185
Let f(q) = q**3 - 6*q**2 + q + 12. Determine f(3).
-12
Let l(z) = -z**3 + 82*z**2 - 113*z + 2591. Give l(81).
-1
Let v(t) = -169*t - 15363. Give v(-91).
16
Let g(z) = -388*z - 7607. Calculate g(-20).
153
Let f(j) = 6911*j + 13814. Determine f(-2).
-8
Let q(l) = -2*l**3 + 36*l**2 + 91*l - 222. Give q(20).
-2
Let c(z) = z**3 - 19*z**2 - 107*z + 36. What is c(-5)?
-29
Let n(v) = 357*v + 6476. What is n(-18)?
50
Let f(b) = 2*b**3 - 21*b**2 - 4*b - 12. Give f(11).
65
Let j(l) = -l**2 + 34*l - 148. What is j(22)?
116
Let n(q) = -27*q**2 + q. Calculate n(1).
-26
Let l(p) = -10*p**3 - 10*p**2 + 3*p. What is l(-2)?
34
Let l(g) = 18*g + 841. Give l(-48).
-23
Let w(b) = -3*b**2 - 526*b + 9816. Give w(17).
7
Let f(i) = 24*i**2 - 179*i + 199. Give f(6).
-11
Let l(y) = 223*y**2 + 61102*y + 5. Calculate l(-274).
5
Let t(x) = -7*x**2 + 685*x - 85. Give t(98).
-183
Let x(w) = -10*w**2 - 32*w + 57. Determine x(2).
-47
Let d(v) = 24*v**3 - 194*v**2 + 14*v + 30. Determine d(8).
14
Let h(r) = -39*r - 17. Calculate h(4).
-173
Let w(c) = -5*c**2 - 136*c - 92. Determine w(-27).
-65
Let m(i) = i**3 - 21*i**2 - 83*i - 214. What is m(24)?
-478
Let f(r) = -r**3 + 7*r**2 + 4*r - 7. Calculate f(6).
53
Let z(v) = 8*v**2 - 3*v + 4. Determine z(4).
120
Let y(t) = -97*t + 504. Calculate y(7).
-175
Let d(v) = v**3 + 23*v**2 + 14*v - 163. Determine d(-22).
13
Let w(h) = 2*h**3 - 63*h**2 + 33*h - 57. Determine w(31).
5
Let c(d) = -d**3 - 40*d**2 - 67*d + 23. What is c(-38)?
-319
Let o(u) = -68*u**2 - 207*u - 20. What is o(-3)?
-11
Let x(j) = -1211*j + 60564. Determine x(50).
14
Let d(u) = 101*u**3 + 2*u**2 + 44*u - 44. Calculate d(1).
103
Let h(j) = j**3 - 24*j**2 + 46*j - 46. What is h(22)?
-2
Let w(s) = -3*s**2 - 101*s - 581. Determine w(-7).
-21
Let h(a) = -2*a**3 - 89*a**2 - 137*a - 352. Calculate h(-43).
-8
Let k(j) = j**3 - 12*j**2 + 18*j + 61. What is k(9)?
-20
Let g(v) = -v**2 - 551*v + 1099. What is g(2)?
-7
Let x(p) = p**3 - 16*p**2 + 30*p - 58. Calculate x(13).
-175
Let j(q) = -434*q - 5635. Give j(-13).
7
Let g(j) = -21*j + 336. Calculate g(7).
189
Let p(k) = k**3 + k**2 - 86*k - 124. Determine p(-9).
2
Let b(v) = -194*v - 779. What is b(-4)?
-3
Let z(j) = 7*j**2 - 5*j - 14. What is z(6)?
208
Let x(d) = 60*d - 1291. What is x(26)?
269
Let c(q) = -199*q - 21292. Calculate c(-107).
1
Let t(c) = -7*c**3 - 3*c**2 + 20*c + 23. What is t(-1)?
7
Let p(k) = 6*k**2 - 215*k + 1451. Calculate p(9).
2
Let u(b) = -11*b**3 - 49*b**2 - 11*b + 32. Calculate u(-4).
-4
Let y(j) = -20*j**2 - 7*j - 18. What is y(-3)?
-177
Let r(x) = -3054*x + 12221. Give r(4).
5
Let s(l) = 927*l + 40860. Give s(-44).
72
Let u(a) = 15*a + 419. What is u(-19)?
134
Let f(b) = 5*b**3 - 44*b**2 + 36*b - 42. Calculate f(8).
-10
Let w(q) = q**3 - 40*q - 19. Give w(-6).
5
Let m(u) = -u**3 - 15*u**2 + 26*u + 240. Calculate m(-16).
80
Let r(v) = 2*v**3 + 9*v**2 + 16*v - 7. Calculate r(-3).
-28
Let h(y) = 7*y**2 - 813*y - 685. Determine h(117).
17
Let g(s) = 893*s + 12439. Give g(-14).
-63
Let j(b) = -b**3 - 79*b**2 - 300*b - 9. Calculate j(-75).
-9
Let w(j) = -59*j - 1937. Determine w(-33).
10
Let h(r) = 432*r - 5180. What is h(12)?
4
Let o(x) = -x**3 + 19*x**2 - 26*x - 492. Determine o(8).
4
Let m(d) = 4*d**3 - 23*d**2 + d - 10. Determine m(7).
242
Let p(s) = 6*s - 134. Give p(7).
-92
Let s(n) = n**3 + 199*n**2 + 113*n + 22475. Determine s(-199).
-12
Let c(z) = 70*z**2 + 427*z + 37. Calculate c(-6).
-5
Let f(b) = 2*b**2 + 464*b + 7321. What is f(-17)?
11
Let w(a) = -1011*a - 15150. Give w(-15).
15
Let p(v) = -12*v**3 + 11*v**2 + 42*v - 6. Determine p(-3).
291
Let v(y) = 18*y + 2. Determine v(1).
20
Let p(n) = n**3 - 26*n**2 + 1184*n - 32706. Determine p(27).
-9
Let n(o) = -2*o**3 + 72*o**2 - 132*o - 125. Give n(34).
11
Let c(k) = -k**3 + 27*k**2 - 68*k - 47. What is c(24)?
49
Let o(r) = -1106*r + 2271. Determine o(2).
59
Let l(m) = 2*m**2 - 27*m + 114. Give l(11).
59
Let s(q) = 618*q + 33402. Determine 